greatest common factor of 97361579 and 3805.
761
What is the highest common factor of 36314 and 29346?
134
Calculate the highest common factor of 69830045 and 565.
565
Calculate the greatest common factor of 252 and 283122.
126
Calculate the greatest common divisor of 382163250 and 175.
175
Calculate the greatest common divisor of 4602081 and 33.
33
What is the greatest common divisor of 98 and 35763518?
14
What is the greatest common divisor of 11803349 and 3295?
659
Calculate the greatest common factor of 4541065 and 30.
5
Calculate the highest common factor of 1236 and 282168.
12
Calculate the highest common divisor of 76 and 21821462.
38
What is the greatest common divisor of 171 and 27166995?
9
Calculate the highest common factor of 1200 and 705424.
16
What is the highest common divisor of 1367 and 62616802?
1367
Calculate the highest common factor of 9696 and 33027.
303
What is the highest common factor of 954 and 16805970?
18
What is the highest common divisor of 360 and 1788984?
72
What is the greatest common factor of 6545805 and 16275?
3255
Calculate the greatest common divisor of 4500 and 1249596.
36
What is the greatest common divisor of 3478769 and 488?
61
What is the highest common divisor of 107212 and 290457?
547
What is the highest common divisor of 195 and 9618492?
39
What is the greatest common factor of 22212599 and 16528?
1033
Calculate the greatest common divisor of 260160 and 51190816.
8672
What is the highest common divisor of 59682 and 1715343?
1029
Calculate the greatest common divisor of 3984 and 26528.
16
What is the greatest common factor of 2970 and 13680?
90
What is the greatest common divisor of 127472200 and 2468?
2468
Calculate the greatest common divisor of 4756655190 and 6510.
6510
Calculate the highest common divisor of 584 and 27750877.
73
Calculate the highest common divisor of 280 and 2149595.
35
Calculate the highest common divisor of 235 and 300142.
47
What is the greatest common factor of 1306848 and 384?
96
Calculate the greatest common factor of 826908 and 48.
12
Calculate the greatest common factor of 406620 and 2290680.
1620
Calculate the highest common divisor of 5248372 and 1.
1
What is the highest common factor of 244 and 107084?
4
What is the greatest common divisor of 2912 and 4654208?
416
Calculate the highest common factor of 55 and 4638810.
55
Calculate the greatest common factor of 12 and 71666106.
6
Calculate the greatest common divisor of 727 and 148933220.
727
What is the greatest common divisor of 48836 and 6831988?
1684
What is the highest common factor of 159380478 and 2538?
846
What is the greatest common divisor of 232595 and 2720?
5
Calculate the highest common divisor of 10104 and 4446602.
842
Calculate the highest common divisor of 8801 and 15392.
13
Calculate the highest common factor of 1568 and 26329646.
14
What is the greatest common factor of 152301398 and 8994?
2998
Calculate the highest common divisor of 216 and 7527592.
8
Calculate the highest common divisor of 147084 and 16294908.
1428
Calculate the highest common factor of 301504 and 2201024.
448
What is the highest common factor of 11699229 and 678?
339
What is the greatest common divisor of 20 and 5180330?
10
What is the highest common divisor of 13726272 and 38?
2
Calculate the highest common factor of 19734273 and 391716.
3159
Calculate the greatest common divisor of 72372 and 75.
3
Calculate the highest common factor of 785 and 468695.
5
What is the highest common factor of 21 and 492363501?
21
Calculate the highest common divisor of 7820 and 5437453.
23
Calculate the highest common divisor of 172824710 and 12630.
4210
Calculate the greatest common factor of 1746 and 1748328.
582
Calculate the greatest common factor of 171 and 389301183.
9
What is the greatest common divisor of 104652 and 36646668?
6156
Calculate the greatest common divisor of 2314419720 and 120.
120
Calculate the highest common divisor of 2140886 and 352.
22
What is the greatest common divisor of 5 and 47904485?
5
What is the greatest common factor of 6801683 and 22814?
1037
What is the greatest common factor of 9 and 3703695?
3
What is the highest common divisor of 368004 and 285776?
1348
Calculate the greatest common divisor of 57410 and 132.
2
Calculate the highest common divisor of 2829203 and 4037.
367
Calculate the highest common factor of 1690500 and 12765.
345
Calculate the greatest common divisor of 34157009 and 31.
31
What is the highest common factor of 22995 and 60795?
315
Calculate the greatest common divisor of 6919571 and 1402.
701
What is the highest common factor of 1215 and 9916587?
243
What is the greatest common divisor of 994 and 211240407?
497
What is the greatest common factor of 309 and 24197893?
103
Calculate the greatest common factor of 23379430 and 80.
10
What is the highest common divisor of 112 and 12028176?
16
What is the highest common divisor of 135064576 and 2048?
1024
What is the greatest common divisor of 4387 and 1102255685?
4387
What is the greatest common factor of 411679 and 17?
1
What is the greatest common divisor of 30 and 317349045?
15
Calculate the highest common divisor of 36 and 135510672.
12
Calculate the greatest common factor of 675080 and 50920.
40
Calculate the highest common divisor of 418 and 3573130.
22
Calculate the greatest common divisor of 16 and 22188676.
4
Calculate the highest common factor of 9564 and 16476.
12
What is the highest common factor of 390330 and 12510?
90
Calculate the highest common divisor of 19047 and 1083327.
21
What is the greatest common divisor of 720585912 and 120?
24
What is the greatest common factor of 10163081 and 471?
157
Calculate the greatest common factor of 1230 and 316920.
30
What is the greatest common factor of 3020 and 409100?
20
What is the highest common divisor of 10864 and 1400098?
1358
What is the highest common factor of 26 and 35351485?
13
What is the highest common factor of 8121 and 193656073?
2707
What is the greatest common factor of 1339592546 and 4358?
4358
Calculate the highest common divisor of 133656128 and 23200.
928
What is the highest common factor of 1121 and 13792843?
59
What is the highest common divisor of 510246 and 2646?
54
What is the greatest common divisor of 1304120024 and 8?
8
What is the greatest common factor of 30845750 and 6?
2
What is the greatest common factor of 1151425 and 6413?
583
What is the highest common factor of 312904 and 40?
8
What is the greatest common divisor of 12024 and 284652?
36
What is the highest common divisor of 36782 and 1219636?
106
What is the highest common divisor of 1720 and 10066600?
40
Calculate the greatest common factor of 2483 and 273425477.
2483
What is the highest common factor of 2043 and 130404009?
681
What is the greatest common factor of 21985523 and 622?
311
What is the greatest common divisor of 34377022 and 22358?
3194
Calculate the highest common divisor of 1680 and 780912720.
1680
What is the highest common divisor of 7542345 and 435?
15
What is the greatest common divisor of 492019 and 3223?
11
What is the greatest common divisor of 1178 and 45599791?
589
Calculate the highest common divisor of 2502 and 3115638.
18
Calculate the highest common factor of 19996092 and 756.
108
Calculate the highest common factor of 1572500 and 340.
340
Calculate the highest common divisor of 1778879960 and 5720.
5720
What is the highest common divisor of 2911830 and 135594?
186
Calculate the greatest common divisor of 8336556 and 24.
12
What is the greatest common factor of 42627 and 66768?
39
What is the greatest common factor of 78716400 and 60?
60
What is the highest common divisor of 38478 and 231186?
318
Calculate the highest common divisor of 12162055 and 7360.
115
Calculate the highest common factor of 233407442 and 106.
106
What is the greatest common divisor of 23817 and 76653?
51
What is the highest common factor of 187585 and 925?
5
Calculate the greatest common factor of 14778331 and 334.
167
Calculate the highest common divisor of 62128489 and 1394.
697
Calculate the greatest common factor of 130 and 14182480.
130
What is the greatest common factor of 90 and 2653080?
30
Calculate the greatest common divisor of 53175502 and 2092.
1046
What is the highest common factor of 1